What is the highest common divisor of 35 and 525?
35
What is the highest common factor of 27 and 1647?
27
What is the highest common factor of 3564 and 198?
198
What is the greatest common factor of 3275 and 125?
25
Calculate the highest common factor of 2652 and 39.
39
Calculate the greatest common factor of 628 and 4.
4
Calculate the highest common divisor of 29 and 29.
29
What is the greatest common divisor of 78 and 642?
6
Calculate the highest common factor of 24 and 102.
6
Calculate the greatest common factor of 24 and 123.
3
What is the highest common divisor of 90 and 1050?
30
Calculate the greatest common divisor of 170 and 15.
5
What is the greatest common divisor of 147 and 21?
21
Calculate the greatest common factor of 300 and 1425.
75
What is the highest common divisor of 1334 and 46?
46
What is the greatest common divisor of 375 and 1200?
75
Calculate the highest common divisor of 63 and 525.
21
What is the highest common factor of 3068 and 826?
118
Calculate the highest common divisor of 195 and 2015.
65
What is the greatest common divisor of 703 and 38?
19
Calculate the highest common divisor of 78 and 7566.
78
Calculate the highest common divisor of 902 and 164.
82
What is the greatest common factor of 198 and 22?
22
What is the greatest common factor of 5 and 1205?
5
Calculate the highest common factor of 1109 and 3.
1
Calculate the greatest common factor of 2448 and 17.
17
What is the greatest common divisor of 56 and 14028?
28
What is the highest common divisor of 636 and 1855?
53
Calculate the highest common divisor of 2 and 13.
1
Calculate the greatest common divisor of 21 and 80493.
21
Calculate the highest common factor of 726 and 66.
66
What is the greatest common divisor of 77392 and 32?
16
Calculate the greatest common factor of 30 and 75.
15
Calculate the greatest common factor of 10 and 1.
1
Calculate the greatest common factor of 588 and 3724.
196
Calculate the greatest common factor of 252 and 28.
28
Calculate the greatest common divisor of 171 and 99.
9
What is the highest common divisor of 68 and 52?
4
What is the highest common divisor of 376 and 8?
8
Calculate the highest common divisor of 160 and 165.
5
What is the greatest common divisor of 114 and 418?
38
Calculate the highest common divisor of 45793 and 253.
253
What is the highest common divisor of 18 and 3375?
9
Calculate the highest common divisor of 100 and 75.
25
Calculate the greatest common factor of 1265 and 575.
115
Calculate the highest common divisor of 64 and 1216.
64
What is the greatest common factor of 520 and 80?
40
What is the highest common factor of 481 and 2?
1
Calculate the greatest common divisor of 13 and 299.
13
What is the highest common factor of 4 and 11284?
4
Calculate the highest common factor of 1400 and 525.
175
Calculate the greatest common factor of 16 and 80.
16
Calculate the highest common divisor of 28 and 2674.
14
What is the highest common factor of 4216 and 680?
136
What is the greatest common factor of 31 and 124?
31
Calculate the greatest common divisor of 480 and 15.
15
What is the highest common factor of 2125 and 17?
17
Calculate the highest common factor of 1104 and 48.
48
What is the highest common factor of 32 and 928?
32
What is the greatest common divisor of 36 and 276?
12
What is the highest common divisor of 2 and 2212?
2
Calculate the highest common factor of 330 and 170.
10
Calculate the highest common factor of 7896 and 132.
12
What is the greatest common factor of 869 and 33?
11
What is the highest common factor of 8 and 40?
8
What is the greatest common divisor of 11 and 49302?
11
Calculate the highest common divisor of 11 and 1133.
11
Calculate the highest common factor of 475 and 76.
19
Calculate the greatest common factor of 5148 and 594.
198
Calculate the highest common factor of 244 and 76.
4
What is the greatest common factor of 4838 and 118?
118
What is the greatest common divisor of 273 and 351?
39
What is the greatest common factor of 4 and 64?
4
Calculate the greatest common factor of 1254 and 76.
38
What is the highest common divisor of 304 and 741?
19
Calculate the greatest common divisor of 58 and 13978.
58
Calculate the greatest common factor of 35308 and 4.
4
Calculate the highest common divisor of 40 and 50.
10
Calculate the greatest common factor of 22 and 8338.
22
Calculate the greatest common factor of 96 and 1568.
32
What is the highest common divisor of 70 and 230?
10
What is the greatest common divisor of 22112 and 64?
32
What is the greatest common factor of 678 and 6?
6
Calculate the highest common divisor of 204 and 6426.
102
Calculate the highest common factor of 38 and 2603.
19
Calculate the highest common factor of 260 and 220.
20
Calculate the highest common factor of 30 and 38985.
15
What is the highest common divisor of 11 and 253?
11
What is the greatest common factor of 169 and 39?
13
Calculate the greatest common divisor of 33 and 8679.
33
Calculate the highest common factor of 10220 and 7.
7
Calculate the highest common factor of 39 and 26.
13
What is the highest common factor of 10 and 35?
5
Calculate the highest common divisor of 1180 and 5.
5
Calculate the greatest common factor of 23 and 621.
23
What is the greatest common divisor of 18 and 1236?
6
Calculate the greatest common divisor of 133 and 608.
19
What is the highest common factor of 1508 and 65?
13
What is the highest common factor of 13 and 37336?
13
What is the greatest common factor of 6 and 1686?
6
Calculate the greatest common divisor of 656 and 41.
41
Calculate the greatest common factor of 19 and 247.
19
What is the greatest common divisor of 61128 and 432?
216
What is the greatest common divisor of 2 and 134?
2
Calculate the greatest common factor of 4662 and 18.
18
Calculate the highest common factor of 3870 and 18.
18
What is the highest common divisor of 1025 and 164?
41
What is the greatest common divisor of 972 and 12?
12
Calculate the highest common factor of 1791 and 117.
9
What is the greatest common divisor of 12051 and 117?
117
Calculate the greatest common divisor of 62 and 69192.
62
Calculate the highest common factor of 15 and 2985.
15
Calculate the greatest common divisor of 1002 and 42.
6
What is the highest common factor of 82 and 1927?
41
What is the highest common divisor of 150 and 480?
30
Calculate the highest common divisor of 171 and 27.
9
What is the greatest common factor of 70 and 875?
35
Calculate the highest common divisor of 2079 and 1323.
189
Calculate the greatest common factor of 3807 and 47.
47
What is the greatest common factor of 24 and 696?
24
What is the greatest common divisor of 385 and 35?
35
What is the greatest common factor of 117 and 104?
13
What is the greatest common factor of 3936 and 672?
96
What is the highest common factor of 9 and 48?
3
What is the greatest common divisor of 35 and 65?
5
What is the highest common factor of 184 and 299?
23
What is the greatest common factor of 32 and 488?
8
Calculate the highest common factor of 1450 and 1218.
58
Calculate the greatest common factor of 225 and 315.
45
Calculate the highest common divisor of 153 and 27.
9
Calculate the greatest common divisor of 1838 and 8.
2
What is the greatest common factor of 63 and 21?
21
What is the greatest common factor of 12 and 1236?
12
What is the greatest common divisor of 48 and 304?
16
What is the highest common factor of 414 and 27?
9
What is the highest common factor of 6253 and 37?
37
What is the greatest common factor of 78 and 78?
78
Calculate the highest common divisor of 156 and 39.
39
What is the highest common factor of 4490 and 110?
10
What is the greatest common divisor of 1650 and 150?
150
Calculate the greatest common factor of 4908 and 24.
12
What is the highest common factor of 100 and 625?
25
What is the greatest common divisor of 42 and 1722?
42
What is the greatest common divisor of 387 and 63?
9
What is the greatest common factor of 54 and 22734?
54
Calculate the greatest common divisor of 4240 and 4505.
265
Calculate the greatest common divisor of 1717 and 17.
17
Calculate the highest common factor of 832 and 2756.
52
What is the greatest common factor of 8132 and 1140?
76
What is the highest common factor of 24 and 168?
24
What is the highest